. What is the units digit of p?
4
Let z(p) = -3*p - 8. Let v = -14 - -18. Suppose 0*o = -v*o - 44. What is the tens digit of z(o)?
2
Let b = -2 - 0. Let z(m) = m**2 - m + 1. Let q(y) = -y**2 + 2. Let k(n) = -q(n) + z(n). What is the units digit of k(b)?
9
Suppose 3*a = -3*k, k - 4*a + 4 = 14. Suppose -k*y - 224 = -4*x - 3*y, -5*y + 224 = 4*x. Suppose -3*r = -13 - x. What is the tens digit of r?
2
Suppose 0 = 4*t + 15*t - 5491. What is the hundreds digit of t?
2
Suppose -o - 2 = -4*l, 5*l + 4*o + 4 = -4. Suppose 3*b - 80 - 253 = l. What is the units digit of b?
1
Suppose -7 = -r - 4. Let v(u) = 2*u - 2*u + 3 - u**3 - r*u**2 + 4*u. What is the tens digit of v(-5)?
3
Suppose 3*q + 6 = -0*q. What is the units digit of q/((-6)/453 + -3 - -3)?
1
Suppose -3*f + 980 = -892. Suppose -264 = -4*q + f. What is the tens digit of q?
2
Suppose 5*v - 5*z = 1805, -4*v - 5*z + 1185 = -268. What is the units digit of v?
2
Suppose -11*a = -10*a - p - 164, -2*a + 328 = 5*p. What is the units digit of a?
4
Suppose -l + 7 = 2*z + z, -2*z + 33 = -5*l. Let c = z - 3. What is the units digit of -9*(3 - c)/(-2)?
9
Suppose 2 = 2*t, 5*j + 2*t = 4*t + 8. Suppose -4*d - j*u = -0*d - 76, 0 = -5*u. What is the tens digit of d?
1
Suppose 2*l + 275 = -5*t, -4*t - l - 223 = -0*l. Let u = 10 - t. What is the units digit of u?
7
Suppose 3*l = 4*l + 2*y - 8, -l = -5*y - 15. Suppose l*k - 252 = 6*k. Suppose -4*s + j + 56 = 4*j, 0 = 5*s + 2*j - k. What is the units digit of s?
1
Suppose -4*l + 16 = -k, -5*k - l - 2*l + 35 = 0. Let p(s) = 0*s**3 + s**3 + 9*s - k*s**3 + 4*s**3 - 5*s**2. What is the tens digit of p(5)?
4
Let a = -429 + 714. What is the hundreds digit of a?
2
Let a = -395 + 689. What is the hundreds digit of a?
2
Let w(m) = 85 - m**2 - 7 - m**3 - 4*m**2 - 2*m + 7*m**2. What is the units digit of w(0)?
8
Let d(z) = -19*z - 6. Let i be d(-4). Suppose -4*a = 5*f - 23, 5*a - f - f = i. Suppose -h - 4*o + a = -2*o, 16 = 3*h + 2*o. What is the units digit of h?
2
Suppose -5*h = -5*j - 2*h - 50, 4*h = -3*j - 1. Let a = j + 25. What is the tens digit of a?
1
Let n = 31 + -13. Let y = -80 - -84. Let z = n + y. What is the units digit of z?
2
Let k = -8 - -12. Let h be ((-20)/25)/(k/(-10)). Suppose 5*d - h*z = 82, 0*z + 44 = 3*d + 4*z. What is the tens digit of d?
1
Suppose -6*u - 8*u = -2772. What is the hundreds digit of u?
1
What is the units digit of 312/20 + (-15)/25?
5
Suppose 22 = -2*n + 62. What is the units digit of 77/(-14)*(-1)/2*n?
5
Let t = 8 + -4. Suppose 2*q = 4*g - 84, -g - 50 = -t*g - 5*q. What is the units digit of g?
0
Suppose -4*f + 20*f - 3040 = 0. What is the tens digit of f?
9
Suppose -3*i + 3*w + 695 = 149, -i + 182 = -2*w. Suppose 2*p = -2*y - 0*p + i, -376 = -4*y + 2*p. What is the units digit of y?
3
Suppose -h - 13*j + 796 = -12*j, 0 = 2*h - j - 1598. What is the tens digit of h?
9
Suppose 0 = k + 2*w - 106, -2*w = -13 + 3. What is the units digit of k?
6
Let q(f) = 15*f**2 - 14*f + 5. What is the units digit of q(6)?
1
Let u(w) = w**2 + 12*w + 4. Let a be u(-14). What is the tens digit of ((-32)/(-10) + 2/(-10))*a?
9
Let h be 4/(-22) - 180/(-22). What is the tens digit of h/(-16) + (-58)/(-4)?
1
Suppose 3*m - 10067 = -l, -33*m - 5*l + 10063 = -30*m. What is the tens digit of m?
5
Let q(l) = -l**3 - 16*l**2 - 66*l - 50. What is the tens digit of q(-17)?
6
Suppose 3 = 2*v - 4*v + g, 4*g - 12 = 2*v. Let d be 68 + v/1 - -1. Suppose 21 = 6*n - d. What is the units digit of n?
5
Let x(k) = -k + 57. What is the tens digit of x(-24)?
8
Suppose 2*n = 4*n - h - 1105, -4*n + 4*h = -2212. What is the units digit of n?
2
Let f be -6*(-1)/(-3)*5. What is the tens digit of ((-4)/f)/(13/1560)?
4
Let d(k) = -8*k**2 + 5*k + 1. Let m be d(4). Let f = -72 - m. What is the units digit of f?
5
Suppose -u - 2*z = -3*u, 5*z - 16 = -3*u. Suppose 4 - u = -y. Let p(v) = -17*v - 5. What is the tens digit of p(y)?
2
Suppose 8*x - 3 - 13 = 0. What is the hundreds digit of (-154)/((1 + -4 + x)*1)?
1
Let n = 73 + -51. What is the units digit of (-338)/(-4) - 11/n?
4
Let q(n) = -941*n + 167. What is the tens digit of q(-3)?
9
Let n = -105 + 110. What is the tens digit of (-1262)/(-8) + 1/20*n?
5
Let q(m) = -m**2 - 2*m + 7. Let p be q(4). Let k = p - -83. What is the units digit of k?
6
Let y(q) = 8*q**2 - 4*q - 25. What is the tens digit of y(6)?
3
Let t be (21/14)/(2/4). Suppose -30 = -3*s - t. What is the units digit of s?
9
Let s(r) = -4*r - 2. Let f be s(-2). Let m(v) = v**2 - 8*v + 8. Let g be m(f). Let q(o) = -o**3 - 3*o**2 - 5*o - 2. What is the units digit of q(g)?
4
Suppose 0*w - w = -5*i + 5255, -2*i + 4*w = -2120. What is the thousands digit of i?
1
Suppose 14 = 4*y - 26. Suppose 0 = 4*c + c - y. What is the units digit of (-7)/(28/(-16)) - c?
2
Suppose -20 - 56 = -19*h. Suppose -q = h*a - 442, -4*q = -a + 89 + 30. What is the hundreds digit of a?
1
Let h(n) = -10*n**2 + 1. Let x be h(1). Let z(i) = -i**2 - 10*i - 7. Let l be z(x). Suppose 240 = 4*v + 4*m, -l*m - 47 = -2*v + 85. What is the tens digit of v?
6
Suppose -218 = 5*r - 4*r. Let q = 322 + r. What is the units digit of q?
4
Suppose -71 = -0*h - 2*h - 3*f, -3*h - 2*f + 94 = 0. Suppose -w = -6 - h. What is the tens digit of w?
3
Let q(m) = m**3 + 6*m**2 + 7*m - 1. Let t be q(5). Let k = t - 159. What is the tens digit of k?
5
What is the tens digit of -5 - ((-7246)/8 - 6/24)?
0
Suppose l - 3*x - 444 = -0*x, l = -2*x + 434. What is the tens digit of l?
3
Suppose -5*d = -4*s + 731 + 505, -4*s = -d - 1220. What is the tens digit of s?
0
Let h(z) = -27*z + 2. Let j be h(-1). Suppose 0 = 4*s + j - 109. What is the units digit of s?
0
What is the units digit of -2*4/(32/(-356)) + 1?
0
Suppose -11*d = -8*d + 12, -2*c + 2070 = -4*d. What is the units digit of c?
7
Suppose 2*p + h - 1160 = 1073, -3*p + 3*h = -3327. What is the tens digit of p?
1
Let o(b) = b. Suppose 0 = 10*x - 14*x + 20. Let l = x - -3. What is the units digit of o(l)?
8
Let r = -186 + 60. Let f = r + 139. What is the tens digit of f?
1
Let n be 308*4/(6 - -2). Let j = n - -23. Suppose j = t + 4*t - 3*x, -3*t + 107 = -2*x. What is the tens digit of t?
3
Let c = 4 - 9. What is the units digit of (-1575)/(-28) + ((-15)/(-12))/c?
6
Let x(f) = 4*f - 2*f**2 - 4*f**2 - 5 - 5 + f**3 + 7. Let c be x(6). Let p = c - 0. What is the tens digit of p?
2
Let t(j) = j**2 + 19*j - 117. What is the tens digit of t(38)?
4
Let b(v) = 2*v + 107. Let t = 50 - 50. What is the units digit of b(t)?
7
Suppose 12*i = -6784 + 16972. What is the hundreds digit of i?
8
Let y = -17 + 30. Let b = 17 - y. Suppose -b*l + 82 = -78. What is the tens digit of l?
4
Let p = 207 + 98. Suppose 36*l - 31*l = p. What is the units digit of l?
1
Suppose 2*j + m = 1, -2*j + 2*m + m = -13. Suppose -z + j = -3. Suppose -z*p + 48 = a, 2*a = -0*a - 5*p + 86. What is the tens digit of a?
3
Suppose 4*i - 12 = 0, 8*i - 1753 = -k + 9*i. What is the tens digit of k?
5
Suppose 1243 = a + 10*a. Suppose -5*w + a + 82 = 0. What is the units digit of w?
9
Let b(m) = 5*m**3 + 7*m**2 - 7*m + 375. Let p(x) = 2*x**3 + 3*x**2 - 3*x + 187. Let k(o) = -3*b(o) + 7*p(o). What is the units digit of k(0)?
4
Suppose -7*p = -10*p + 9. What is the tens digit of (-2)/(1*p/(-87))?
5
Let u be 3 - (2/(-6) + 1154/(-3)). Let v = -147 + u. What is the units digit of v?
1
Suppose 8*q + 535 = 10591. What is the thousands digit of q?
1
Suppose l + 4*l = -15. What is the units digit of (l/2 - -2)*92?
6
Suppose -609 = -13*n + 600. Let m(x) = x**3 + 7*x**2 - 13*x - 4. Let i be m(-9). Let o = i + n. What is the tens digit of o?
4
What is the tens digit of (-1640)/(-5)*(-3)/(-6)?
6
What is the hundreds digit of 552 - (-15)/(90/24)?
5
Let p(h) be the first derivative of 2*h**3/3 - 4*h**2 - 2*h - 5. Let k be p(7). Suppose -2*s + k = 2*s. What is the units digit of s?
0
Let q be 12/4 + (-5 - -7). Suppose -3*o - 50 = q*b - 617, 5*o - 2*b = 945. What is the tens digit of o?
8
Suppose 3*v = -9 - 12. Let a = -4 - v. Suppose -36 = -4*s + q, s - 4*q = a*s. What is the units digit of s?
8
Suppose 0*b = -3*b - 45. Let w = -15 - b. What is the tens digit of 29 + w + (8 - 4)?
3
Let d be (91/21 - 4)/(1/84). Suppose -d*h + 5148 = -10*h. What is the hundreds digit of h?
2
Let f be (-6)/(-24) + (-38)/(-8). Suppose -2*t = h + 100, t + f*h = -2*t - 164. What